{"id":38,"date":"2020-06-05T16:35:51","date_gmt":"2020-06-05T16:35:51","guid":{"rendered":"http:\/\/gespraechstherapie-lauingen.de\/?page_id=38"},"modified":"2023-08-20T06:25:26","modified_gmt":"2023-08-20T06:25:26","slug":"impressum","status":"publish","type":"page","link":"https:\/\/gespraechstherapie-lauingen.de\/?page_id=38","title":{"rendered":"Impressum"},"content":{"rendered":"\n<h4 class=\"wp-block-heading\">Herausgeber<\/h4>\n\n\n\n<p>Terezija Kink<\/p>\n\n\n\n<p>Heilpraktikerin f\u00fcr Psychotherapie<\/p>\n\n\n\n<p>Aislinger Str. 56<br>89415 Lauingen (Donau)<\/p>\n\n\n\n<p>Telefon: 09072\/ 922 03 07<\/p>\n\n\n\n<p>Email: info@gespraechstherapie-lauingen.de<\/p>\n\n\n\n<h4 class=\"wp-block-heading\">Berufsbezeichnung: Heilpraktiker<\/h4>\n\n\n\n<p>Der Titel &#8222;Heilpraktiker&#8220; ist eine in Deutschland nach dem Heilpraktikergesetz<br>(HPG) vom 17.02.1939 erteilte Berufsbezeichnung.<\/p>\n\n\n\n<p>\u00dcber den Antrag auf Erteilung entscheidet nach der Durchf\u00fchrungsverordnung<br>zum Heilpraktikergesetz (DVO) vom 18.02.1939 die untere Verwaltungsbeh\u00f6rde.<\/p>\n\n\n\n<h4 class=\"wp-block-heading\">Zulassung<\/h4>\n\n\n\n<p>Die Erlaubnis zur Aus\u00fcbung der Heilkunde<br>ohne Bestallung wurde am 23.11.2016 durch folgendes Amt erteilte:<\/p>\n\n\n\n<p>Landratsamt Heilbronn<br>Lerchenstra\u00dfe 40<br>74072 Heilbronn<\/p>\n\n\n\n<h4 class=\"wp-block-heading\">Zust\u00e4ndige Aufsichtsbeh\u00f6rde<\/h4>\n\n\n\n<p>Gesundheitsamt Aalen<br>Julius-Bausch-Stra\u00dfe 12<br>73430 Aalen<\/p>\n\n\n\n<h4 class=\"wp-block-heading\">Berufsordnung und Durchf\u00fchrungsverordnung<\/h4>\n\n\n\n<p><a href=\"http:\/\/www.gesetze-im-internet.de\/heilprg\/index.html\">Gesetz \u00fcber die berufsm\u00e4\u00dfige Aus\u00fcbung der Heilkunde ohne Bestallung<\/a><\/p>\n\n\n\n<p><a href=\"http:\/\/www.gesetze-im-internet.de\/heilprgdv_1\/index.html\">Erste Durchf\u00fchrungsverordnung zum Gesetz<\/a><\/p>\n\n\n\n<h4 class=\"wp-block-heading\">Ausbildung<\/h4>\n\n\n\n<p>Paracelsusschule in Ulm<\/p>\n\n\n\n<h3 class=\"wp-block-heading\">Haftungsausschluss<\/h3>\n\n\n\n<h4 class=\"wp-block-heading\">Texte, Bilder und Grafiken<\/h4>\n\n\n\n<p>Alle Rechte vorbehalten. Alle Texte, Bilder, Grafiken und sonstige Abbildungen sowie deren Verwendung auf meiner Internetpr\u00e4senz unterliegen dem Urheberrecht sowie auch anderer Gesetze zum Schutz des geistigen Eigentums. Sie d\u00fcrfen weder f\u00fcr kommerzielle Zwecke noch zur privaten Nutzung oder zur einfachen Weitergabe kopiert, ver\u00e4ndert oder Dritten zug\u00e4nglich gemacht werden. Diese Internetpr\u00e4senz kann weiterhin Hinweise auf Eigentumsrechte Dritter und Informationen zu Urheberrechten enthalten, die beachtet und befolgt werden m\u00fcssen.<\/p>\n\n\n\n<h4 class=\"wp-block-heading\">Inhalte und Links<\/h4>\n\n\n\n<p>Die Inhalte meiner Seite sind mit gr\u00f6\u00dfter Sorgfalt erstellt. F\u00fcr die Richtigkeit, Vollst\u00e4ndigkeit und Aktualit\u00e4t der Inhalte \u00fcbernehme ich jedoch keine Gew\u00e4hr. Als Dienstanbieter bin ich gem\u00e4\u00df \u00a7 7 Abs.1 TMG f\u00fcr eigene Inhalte auf diesen Seiten nach den allgemeinen Gesetzen verantwortlich. Nach \u00a7\u00a7 8 bis 10 TMG bin ich als Dienstanbieter jedoch nicht verpflichtet, \u00fcbermittelte oder gespeicherte fremde Informationen zu \u00fcberwachen oder nach Umst\u00e4nden zu forschen, die auf eine rechtswidrige T\u00e4tigkeit hinweisen. Verpflichtungen zur Entfernung oder Sperrung der Nutzung von Informationen nach den allgemeinen Gesetzen bleiben hiervon unber\u00fchrt. Eine diesbez\u00fcgliche Haftung ist jedoch erst ab dem Zeitpunkt der Kenntnis einer konkreten Rechtsverletzung m\u00f6glich.<\/p>\n\n\n\n<p>Mein Angebot enth\u00e4lt Links zu externen Webseiten Dritter, auf deren Inhalte ich keinen Einfluss habe. Deshalb \u00fcbernehme ich f\u00fcr diese fremden Inhalte auch keine Gew\u00e4hr. F\u00fcr die Inhalte der verlinkten Seiten ist stets der jeweilige Anbieter oder Betreiber der Seiten verantwortlich. Die verlinkten Seiten wurden zum Zeitpunkt der Verlinkung auf m\u00f6gliche Rechtsverst\u00f6\u00dfe \u00fcberpr\u00fcft. Rechtswidrige Inhalte waren zum Zeitpunkt der Verlinkung nicht erkennbar. Eine permanente inhaltliche Kontrolle der verlinkten Seiten ist jedoch ohne konkrete Anhaltspunkte einer Rechtsverletzung nicht zumutbar. Sollte der Inhalt oder die Aufmachung dieser Seiten fremde Rechte Dritter oder gesetzliche Bestimmungen verletzen, so bitte ich um eine entsprechende Nachricht ohne Kostennote.<\/p>\n\n\n\n<h4 class=\"wp-block-heading\">Keine Abmahnung ohne vorherigen Kontakt<\/h4>\n\n\n\n<p>Ich garantiere, dass die ich zu Recht beanstandeten Inhalte, Links oder andere Passagen unverz\u00fcglich entfernen werde, ohne dass von Ihrer Seite die Einschaltung eines Rechtsbeistandes erforderlich ist. Dennoch von Ihnen ohne vorherige Kontaktaufnahme ausgel\u00f6ste Kosten werde ich vollumf\u00e4nglich zur\u00fcckweisen und gegebenenfalls Gegenklage wegen Verletzung vorgenannter Bestimmungen einreichen.<\/p>\n\n\n\n<h4 class=\"wp-block-heading\">Datenschutz und Cookies<\/h4>\n\n\n\n<p>Ich nehme den Schutz Ihrer pers\u00f6nlichen Daten sehr ernst und halte mich strikt an die Regeln der gesetzlichen Vorgaben, insbesondere der Datenschutzgesetze. Die folgenden Informationen geben Ihnen einen \u00dcberblick dar\u00fcber, wie ich den Schutz Ihrer pers\u00f6nlichen Daten gew\u00e4hrleiste und welche Daten zu welchen Zwecken erhoben werden. Grunds\u00e4tzlich k\u00f6nnen Sie meine Internetpr\u00e4senz besuchen, ohne dass ich pers\u00f6nliche Daten von Ihnen ben\u00f6tige. Bei einem Besuch auf meiner Internetpr\u00e4senz speichern sich automatisch Informationen ab, die Ihr Browser an mich \u00fcbermittelt.<\/p>\n\n\n\n<p>Dies sind:<\/p>\n\n\n\n<ul class=\"wp-block-list\">\n<li>Der Name Ihres Internet-Providers<\/li>\n\n\n\n<li>Die Webseite, von der Sie auf meine Internetpr\u00e4senz weitergeleitet wurden<\/li>\n\n\n\n<li>Die technische Version Ihres Browsers und Ihres Betriebssystems<\/li>\n\n\n\n<li>Der Hostname des zugreifenden Rechners (IP Adresse)<\/li>\n\n\n\n<li>Uhrzeit des Seitenbesuchs \/ der Serveranfrage<\/li>\n\n\n\n<li>Die Anzahl der Seiten, die Sie aufgerufen haben<\/li>\n<\/ul>\n\n\n\n<p>Diese Daten sind f\u00fcr mich nicht bestimmten Personen zuzuordnen. Eine Zusammenf\u00fchrung dieser Daten mit anderen Datenquellen wird nicht vorgenommen, die Daten werden zudem nach einer statistischen Auswertung gel\u00f6scht. Die Internetpr\u00e4senz kann gegebenenfalls so genannte Cookies verwenden. Sie dienen dazu, das Angebot nutzerfreundlicher, effektiver und sicherer zu machen.<\/p>\n\n\n\n<p>Cookies sind kleine Textdateien, die auf Ihrem Rechner abgelegt werden und die Ihr Browser speichert. Die meisten der gegebenenfalls verwendeten Cookies sind so genannte \u201eSession-Cookies\u201c. Sie werden nach Ende Ihres Besuchs automatisch gel\u00f6scht. Cookies richten auf Ihrem Rechner keinen Schaden an und enthalten keine Viren.<\/p>\n\n\n\n<h4 class=\"wp-block-heading\">Rechtswirksamkeit und \u00c4nderungsvorbehalt<\/h4>\n\n\n\n<p>Dieser Haftungsausschluss ist als Teil des Internetangebotes zu betrachten, von dem aus auf diese Seite verwiesen wurde. Sofern Teile oder einzelne Formulierungen dieses Textes der geltenden Rechtslage nicht, nicht mehr oder nicht vollst\u00e4ndig entsprechen sollten, bleiben die \u00fcbrigen Teile des Dokumentes in ihrem Inhalt und ihrer G\u00fcltigkeit davon unber\u00fchrt.<\/p>\n\n\n\n<p>Ich behalte mir zudem das Recht vor, ohne vorherige Ank\u00fcndigung \u00c4nderungen oder Erg\u00e4nzungen der bereitgestellten Informationen vorzunehmen oder die Internetpr\u00e4senz vollst\u00e4ndig einzustellen.<\/p>\n","protected":false},"excerpt":{"rendered":"<p>Herausgeber Terezija Kink Heilpraktikerin f\u00fcr Psychotherapie Aislinger Str. 5689415 Lauingen (Donau) Telefon: 09072\/ 922 03 07 Email: info@gespraechstherapie-lauingen.de Berufsbezeichnung: Heilpraktiker Der Titel &#8222;Heilpraktiker&#8220; ist eine in Deutschland nach dem Heilpraktikergesetz(HPG) vom 17.02.1939 erteilte Berufsbezeichnung. \u00dcber den Antrag auf Erteilung entscheidet nach der Durchf\u00fchrungsverordnungzum Heilpraktikergesetz (DVO) vom 18.02.1939 die untere Verwaltungsbeh\u00f6rde. Zulassung Die Erlaubnis zur Aus\u00fcbung &hellip; <\/p>\n<p class=\"link-more\"><a href=\"https:\/\/gespraechstherapie-lauingen.de\/?page_id=38\" class=\"more-link\"><span class=\"screen-reader-text\">\u201eImpressum\u201c <\/span>weiterlesen<\/a><\/p>\n","protected":false},"author":1,"featured_media":0,"parent":0,"menu_order":0,"comment_status":"closed","ping_status":"closed","template":"","meta":{"footnotes":""},"class_list":["post-38","page","type-page","status-publish","hentry"],"_links":{"self":[{"href":"https:\/\/gespraechstherapie-lauingen.de\/index.php?rest_route=\/wp\/v2\/pages\/38","targetHints":{"allow":["GET"]}}],"collection":[{"href":"https:\/\/gespraechstherapie-lauingen.de\/index.php?rest_route=\/wp\/v2\/pages"}],"about":[{"href":"https:\/\/gespraechstherapie-lauingen.de\/index.php?rest_route=\/wp\/v2\/types\/page"}],"author":[{"embeddable":true,"href":"https:\/\/gespraechstherapie-lauingen.de\/index.php?rest_route=\/wp\/v2\/users\/1"}],"replies":[{"embeddable":true,"href":"https:\/\/gespraechstherapie-lauingen.de\/index.php?rest_route=%2Fwp%2Fv2%2Fcomments&post=38"}],"version-history":[{"count":5,"href":"https:\/\/gespraechstherapie-lauingen.de\/index.php?rest_route=\/wp\/v2\/pages\/38\/revisions"}],"predecessor-version":[{"id":362,"href":"https:\/\/gespraechstherapie-lauingen.de\/index.php?rest_route=\/wp\/v2\/pages\/38\/revisions\/362"}],"wp:attachment":[{"href":"https:\/\/gespraechstherapie-lauingen.de\/index.php?rest_route=%2Fwp%2Fv2%2Fmedia&parent=38"}],"curies":[{"name":"wp","href":"https:\/\/api.w.org\/{rel}","templated":true}]}}