{"id":35,"date":"2020-06-05T16:35:00","date_gmt":"2020-06-05T16:35:00","guid":{"rendered":"http:\/\/gespraechstherapie-lauingen.de\/?page_id=35"},"modified":"2024-07-15T18:12:46","modified_gmt":"2024-07-15T18:12:46","slug":"ausbildung","status":"publish","type":"page","link":"https:\/\/gespraechstherapie-lauingen.de\/?page_id=35","title":{"rendered":"Ausbildung"},"content":{"rendered":"\n<h3 class=\"wp-block-heading\"><strong>Ausbildung zur Heilpraktikerin f\u00fcr Psychotherapie in Ulm<\/strong><\/h3>\n\n\n\n<p>Abschluss der Ausbildung durch \u00dcberpr\u00fcfung des Gesundheitsamt Heilbronn.<\/p>\n\n\n\n<p><strong>Zulassung nach dem Heilpraktikergesetz und Erlaubnis zur Aus\u00fcbung der Heilkunde auf dem Gebiet der Psychotherapie, ohne als Arzt bestallt zu sein.<\/strong><\/p>\n\n\n\n<p><strong>Zertifiziert als Psychologische Beraterin beim VFP Verband<\/strong><\/p>\n\n\n\n<p><strong>Zusatzqualifikation erworben bei WZPP<\/strong><br>&#8222;Traumazentrierte Fachberatung und Traumap\u00e4dagogik (DeGPT \/ FVTP), Schwerpunkt Traumazentrierte Fachberatung&#8220;<\/p>\n\n\n\n<p><strong>Trauma- Werkzeugkoffer (WZPP)<\/strong><br>Beinhaltet:<\/p>\n\n\n\n<ul class=\"wp-block-list\">\n<li>Grundlagen der Psychotraumatologie und Einf\u00fchrung in die Traumap\u00e4dagogik<\/li>\n\n\n\n<li>Krisenintervention und Akuttrauma<\/li>\n\n\n\n<li>Stabilisierungstechniken und Ressourcenaktivierung<\/li>\n\n\n\n<li>Bindung und Traumata<\/li>\n<\/ul>\n\n\n<p><strong>&nbsp;Mediatorin&nbsp; (univ.) <\/strong><\/p>\n<p>Ausbildung beim Europ\u00e4ischen Hochschulverbund, EHV Fernstudium und Weiterbildung GmbH, Standort Stuttgart<\/p>\n\n\n<p><strong>Systemische  Beraterin<\/strong> bei Christiane Sautter, Ravensburg<\/p>\n\n\n\n<p><strong>Psychotherapeutische Fachausbildung &#8211; Verhaltenstherapie, <\/strong>Paracelsusschule Augsburg<\/p>\n\n\n\n<p><strong>Berufsbetreuerin <\/strong>vom Amtsgericht Dillingen a. d. Donau bestellt.<\/p>\n\n\n\n<p><strong>Curator de Jure &#8211; Studium an der Technischen Hochschule Deggendorf<\/strong><\/p>\n\n\n\n<p><strong>Fachfortbildung zur Burnout-Beraterin<\/strong><br>Seminar zur <strong>Sterbebegleitung<\/strong><\/p>\n","protected":false},"excerpt":{"rendered":"<p>Ausbildung zur Heilpraktikerin f\u00fcr Psychotherapie in Ulm Abschluss der Ausbildung durch \u00dcberpr\u00fcfung des Gesundheitsamt Heilbronn. Zulassung nach dem Heilpraktikergesetz und Erlaubnis zur Aus\u00fcbung der Heilkunde auf dem Gebiet der Psychotherapie, ohne als Arzt bestallt zu sein. Zertifiziert als Psychologische Beraterin beim VFP Verband Zusatzqualifikation erworben bei WZPP&#8222;Traumazentrierte Fachberatung und Traumap\u00e4dagogik (DeGPT \/ FVTP), Schwerpunkt Traumazentrierte &hellip; <\/p>\n<p class=\"link-more\"><a href=\"https:\/\/gespraechstherapie-lauingen.de\/?page_id=35\" class=\"more-link\"><span class=\"screen-reader-text\">\u201eAusbildung\u201c <\/span>weiterlesen<\/a><\/p>\n","protected":false},"author":1,"featured_media":0,"parent":0,"menu_order":0,"comment_status":"closed","ping_status":"closed","template":"","meta":{"footnotes":""},"class_list":["post-35","page","type-page","status-publish","hentry"],"_links":{"self":[{"href":"https:\/\/gespraechstherapie-lauingen.de\/index.php?rest_route=\/wp\/v2\/pages\/35","targetHints":{"allow":["GET"]}}],"collection":[{"href":"https:\/\/gespraechstherapie-lauingen.de\/index.php?rest_route=\/wp\/v2\/pages"}],"about":[{"href":"https:\/\/gespraechstherapie-lauingen.de\/index.php?rest_route=\/wp\/v2\/types\/page"}],"author":[{"embeddable":true,"href":"https:\/\/gespraechstherapie-lauingen.de\/index.php?rest_route=\/wp\/v2\/users\/1"}],"replies":[{"embeddable":true,"href":"https:\/\/gespraechstherapie-lauingen.de\/index.php?rest_route=%2Fwp%2Fv2%2Fcomments&post=35"}],"version-history":[{"count":14,"href":"https:\/\/gespraechstherapie-lauingen.de\/index.php?rest_route=\/wp\/v2\/pages\/35\/revisions"}],"predecessor-version":[{"id":381,"href":"https:\/\/gespraechstherapie-lauingen.de\/index.php?rest_route=\/wp\/v2\/pages\/35\/revisions\/381"}],"wp:attachment":[{"href":"https:\/\/gespraechstherapie-lauingen.de\/index.php?rest_route=%2Fwp%2Fv2%2Fmedia&parent=35"}],"curies":[{"name":"wp","href":"https:\/\/api.w.org\/{rel}","templated":true}]}}

<h3 class="wp-block-heading"><strong>Ausbildung zur Heilpraktikerin für Psychotherapie in Ulm</strong></h3>



<p>Abschluss der Ausbildung durch Überprüfung des Gesundheitsamt Heilbronn.</p>



<p><strong>Zulassung nach dem Heilpraktikergesetz und Erlaubnis zur Ausübung der Heilkunde auf dem Gebiet der Psychotherapie, ohne als Arzt bestallt zu sein.</strong></p>



<p><strong>Zertifiziert als Psychologische Beraterin beim VFP Verband</strong></p>



<p><strong>Zusatzqualifikation erworben bei WZPP</strong><br>&#8222;Traumazentrierte Fachberatung und Traumapädagogik (DeGPT / FVTP), Schwerpunkt Traumazentrierte Fachberatung&#8220;</p>



<p><strong>Trauma- Werkzeugkoffer (WZPP)</strong><br>Beinhaltet:</p>



<ul class="wp-block-list">
<li>Grundlagen der Psychotraumatologie und Einführung in die Traumapädagogik</li>



<li>Krisenintervention und Akuttrauma</li>



<li>Stabilisierungstechniken und Ressourcenaktivierung</li>



<li>Bindung und Traumata</li>
</ul>


<p><strong>&nbsp;Mediatorin&nbsp; (univ.) </strong></p>
<p>Ausbildung beim Europäischen Hochschulverbund, EHV Fernstudium und Weiterbildung GmbH, Standort Stuttgart</p>


<p><strong>Systemische  Beraterin</strong> bei Christiane Sautter, Ravensburg</p>



<p><strong>Psychotherapeutische Fachausbildung &#8211; Verhaltenstherapie, </strong>Paracelsusschule Augsburg</p>



<p><strong>Berufsbetreuerin </strong>vom Amtsgericht Dillingen a. d. Donau bestellt.</p>



<p><strong>Curator de Jure &#8211; Studium an der Technischen Hochschule Deggendorf</strong></p>



<p><strong>Fachfortbildung zur Burnout-Beraterin</strong><br>Seminar zur <strong>Sterbebegleitung</strong></p>

<p>Ausbildung zur Heilpraktikerin für Psychotherapie in Ulm Abschluss der Ausbildung durch Überprüfung des Gesundheitsamt Heilbronn. Zulassung nach dem Heilpraktikergesetz und Erlaubnis zur Ausübung der Heilkunde auf dem Gebiet der Psychotherapie, ohne als Arzt bestallt zu sein. Zertifiziert als Psychologische Beraterin beim VFP Verband Zusatzqualifikation erworben bei WZPP&#8222;Traumazentrierte Fachberatung und Traumapädagogik (DeGPT / FVTP), Schwerpunkt Traumazentrierte &hellip; </p>
<p class="link-more"><a href="https://gespraechstherapie-lauingen.de/?page_id=35" class="more-link"><span class="screen-reader-text">„Ausbildung“ </span>weiterlesen</a></p>
